{"id":86,"date":"2023-05-11T18:09:09","date_gmt":"2023-05-11T21:09:09","guid":{"rendered":"https:\/\/chiripa.com.uy\/portal\/?page_id=86"},"modified":"2023-05-14T20:17:29","modified_gmt":"2023-05-14T23:17:29","slug":"nosotros","status":"publish","type":"page","link":"https:\/\/chiripa.com.uy\/index.php\/nosotros\/","title":{"rendered":"Nosotros"},"content":{"rendered":"<div id=\"metaslider-id-36\" style=\"width: 100%;\" class=\"ml-slider-3-108-0 metaslider metaslider-flex metaslider-36 ml-slider has-dots-nav ms-theme-default\" role=\"region\" aria-label=\"Nueva presentaci\u00f3n de diapositivas\" data-height=\"300\" data-width=\"700\">\n    <div id=\"metaslider_container_36\">\n        <div id=\"metaslider_36\">\n            <ul class='slides'>\n                <li style=\"display: block; width: 100%;\" class=\"slide-45 ms-image \" aria-roledescription=\"slide\" data-date=\"2023-05-11 15:43:14\" data-filename=\"Vaso-con-lupulos-scaled-700x300.jpg\" data-slide-type=\"image\"><img loading=\"lazy\" decoding=\"async\" src=\"https:\/\/chiripa.com.uy\/wp-content\/uploads\/2023\/05\/Vaso-con-lupulos-scaled-700x300.jpg\" height=\"300\" width=\"700\" alt=\"lupulando...\" class=\"slider-36 slide-45 msDefaultImage\" title=\"lupulos\" \/><div class=\"caption-wrap\"><div class=\"caption\">L\u00fapulos el ingrediente estrella de nuestras cervezas<\/div><\/div><\/li>\n                <li style=\"display: none; width: 100%;\" class=\"slide-48 ms-image \" aria-roledescription=\"slide\" data-date=\"2023-05-11 15:44:24\" data-filename=\"DSC_0191-scaled-700x300.jpg\" data-slide-type=\"image\"><img loading=\"lazy\" decoding=\"async\" src=\"https:\/\/chiripa.com.uy\/wp-content\/uploads\/2023\/05\/DSC_0191-scaled-700x300.jpg\" height=\"300\" width=\"700\" alt=\"\" class=\"slider-36 slide-48 msDefaultImage\" title=\"DSC_0191\" \/><div class=\"caption-wrap\"><div class=\"caption\">Nuestros insumos, siempre buscamos  calidad.<\/div><\/div><\/li>\n                <li style=\"display: none; width: 100%;\" class=\"slide-49 ms-image \" aria-roledescription=\"slide\" data-date=\"2023-05-11 15:44:31\" data-filename=\"botella-sirviendo-bn-scaled-700x300.jpg\" data-slide-type=\"image\"><img loading=\"lazy\" decoding=\"async\" src=\"https:\/\/chiripa.com.uy\/wp-content\/uploads\/2023\/05\/botella-sirviendo-bn-scaled-700x300.jpg\" height=\"300\" width=\"700\" alt=\"\" class=\"slider-36 slide-49 msDefaultImage\" title=\"botella sirviendo b&amp;n\" \/><div class=\"caption-wrap\"><div class=\"caption\">de la botella al vaso<\/div><\/div><\/li>\n                <li style=\"display: none; width: 100%;\" class=\"slide-443 ms-image \" aria-roledescription=\"slide\" data-date=\"2023-05-14 20:13:03\" data-filename=\"DSC_0097a-scaled-700x300.jpg\" data-slide-type=\"image\"><img loading=\"lazy\" decoding=\"async\" src=\"https:\/\/chiripa.com.uy\/wp-content\/uploads\/2023\/05\/DSC_0097a-scaled-700x300.jpg\" height=\"300\" width=\"700\" alt=\"\" class=\"slider-36 slide-443 msDefaultImage\" title=\"DSC_0097a\" \/><div class=\"caption-wrap\"><div class=\"caption\">Utilizamos mas de 10 variedades de lupulos en nuestras cervezas<\/div><\/div><\/li>\n                <li style=\"display: none; width: 100%;\" class=\"slide-444 ms-image \" aria-roledescription=\"slide\" data-date=\"2023-05-14 20:13:14\" data-filename=\"blonde_vaso-700x300.jpg\" data-slide-type=\"image\"><img loading=\"lazy\" decoding=\"async\" src=\"https:\/\/chiripa.com.uy\/wp-content\/uploads\/2023\/05\/blonde_vaso-700x300.jpg\" height=\"300\" width=\"700\" alt=\"\" class=\"slider-36 slide-444 msDefaultImage\" title=\"blonde_vaso\" \/><div class=\"caption-wrap\"><div class=\"caption\">Cerveza y juego una buena combinaci\u00f3n<\/div><\/div><\/li>\n                <li style=\"display: none; width: 100%;\" class=\"slide-445 ms-image \" aria-roledescription=\"slide\" data-date=\"2023-05-14 20:13:20\" data-filename=\"DSC_1295-scaled-700x300.jpg\" data-slide-type=\"image\"><img loading=\"lazy\" decoding=\"async\" src=\"https:\/\/chiripa.com.uy\/wp-content\/uploads\/2023\/05\/DSC_1295-scaled-700x300.jpg\" height=\"300\" width=\"700\" alt=\"\" class=\"slider-36 slide-445 msDefaultImage\" title=\"DSC_1295\" \/><div class=\"caption-wrap\"><div class=\"caption\">Todo tipo de equipamientos para tus eventos<\/div><\/div><\/li>\n            <\/ul>\n        <\/div>\n        \n    <\/div>\n<\/div>\n<p style=\"text-align: center;\">Nuestra historia comenz\u00f3 con un grupo de amigos que so\u00f1aban con crear sus propias cervezas. Es as\u00ed que en 2018 nace Chiripa y desde entonces, hemos crecido y evolucionado, pero nunca hemos perdido nuestra pasi\u00f3n por la cerveza artesanal.<\/p>\n<p>&nbsp;<\/p>\n","protected":false},"excerpt":{"rendered":"<p>Nuestra historia comenz\u00f3 con un grupo de amigos que so\u00f1aban con crear sus propias cervezas. Es as\u00ed que en 2018 nace Chiripa y desde entonces, hemos crecido y evolucionado, pero nunca hemos perdido nuestra pasi\u00f3n por la cerveza artesanal. &nbsp;<\/p>\n","protected":false},"author":1,"featured_media":0,"parent":0,"menu_order":0,"comment_status":"closed","ping_status":"closed","template":"t_page_estilos.php","meta":{"footnotes":""},"class_list":["post-86","page","type-page","status-publish","hentry"],"_links":{"self":[{"href":"https:\/\/chiripa.com.uy\/index.php\/wp-json\/wp\/v2\/pages\/86","targetHints":{"allow":["GET"]}}],"collection":[{"href":"https:\/\/chiripa.com.uy\/index.php\/wp-json\/wp\/v2\/pages"}],"about":[{"href":"https:\/\/chiripa.com.uy\/index.php\/wp-json\/wp\/v2\/types\/page"}],"author":[{"embeddable":true,"href":"https:\/\/chiripa.com.uy\/index.php\/wp-json\/wp\/v2\/users\/1"}],"replies":[{"embeddable":true,"href":"https:\/\/chiripa.com.uy\/index.php\/wp-json\/wp\/v2\/comments?post=86"}],"version-history":[{"count":7,"href":"https:\/\/chiripa.com.uy\/index.php\/wp-json\/wp\/v2\/pages\/86\/revisions"}],"predecessor-version":[{"id":447,"href":"https:\/\/chiripa.com.uy\/index.php\/wp-json\/wp\/v2\/pages\/86\/revisions\/447"}],"wp:attachment":[{"href":"https:\/\/chiripa.com.uy\/index.php\/wp-json\/wp\/v2\/media?parent=86"}],"curies":[{"name":"wp","href":"https:\/\/api.w.org\/{rel}","templated":true}]}}